0, 0 = w + 3*j + 2*j - 202. What are the prime factors of w?
3, 59
Suppose -9*v - 12*v = -86583. List the prime factors of v.
7, 19, 31
Suppose 5934 = 51*r - 45*r. Suppose 0 = -r*j + 978*j + 9097. What are the prime factors of j?
827
Let q be ((-6)/8)/(-3) - (-345)/12. Suppose -69 = 26*t - q*t. Suppose 223 + t = 6*i. List the prime factors of i.
41
Let y = -42 + 33. Let o(f) = -f**3 - 2*f**2 + 30*f + 28. List the prime factors of o(y).
5, 13
Let x = 415 + -545. Let j = 64 - 150. Let h = j - x. What are the prime factors of h?
2, 11
Let a(h) = 485*h - 188. Let x be a(4). Suppose -x = 16*m - 8024. List the prime factors of m.
2, 7
Suppose 5*c - 3*c - 30 = 0. Let a(x) = -36 - 21*x**2 + 8*x**2 - 8*x + 0*x + 8*x**2 + 6*x**2. What are the prime factors of a(c)?
3, 23
Let h = 2891 - 1925. Suppose 1610 = 5*m + x, 8*m = 11*m - 2*x - h. List the prime factors of m.
2, 7, 23
Suppose 234 - 45 = 7*t. Suppose -29*i + t*i + 256 = 0. What are the prime factors of i?
2
Let i(p) = -7*p**3 - 104*p**2 - 16*p + 18. What are the prime factors of i(-17)?
5, 37
Let w = -50 - -52. Let m(g) = 10*g + 1 - g + 0*g + w*g. What are the prime factors of m(2)?
23
Let u(j) = -3462*j - 57. List the prime factors of u(-3).
3, 11, 313
Suppose 124*v - 65*v - 1969951 = 0. List the prime factors of v.
173, 193
Suppose 5*f + 4*i + 13 = 0, -i + 0*i - 2 = f. Let x be (-6)/15 - (1817/f + 2). What are the prime factors of -1 + (-35)/(-20) - x/(-4)?
7, 13
Suppose 5*r + 83050 = 3*r + 27*r. What are the prime factors of r?
2, 11, 151
Let o = -64 - -34. Let p = o + 30. Suppose 2*c - t - 62 = p, c - 4*t = 60 - 22. List the prime factors of c.
2, 3, 5
Suppose 297 = 5*l - 4*p - 769, 2*p = l - 212. Suppose -4*r = -l + 514. Let q = r - -187. What are the prime factors of q?
2, 7
Let u = 97 + -69. Suppose -5*m + 2*y + 4 = -3, 4*y = -4*m + u. Suppose 28 - 283 = -m*b. What are the prime factors of b?
5, 17
Let v(l) = 212*l**2 - 65*l + 257. What are the prime factors of v(13)?
2, 5, 881
Let k be ((-7 - -4) + 3892)*1. Suppose -1116 = -13*o + k. List the prime factors of o.
5, 7, 11
Suppose -5*l = -w - 251695, 4*l - 201357 = -26*w + 27*w. List the prime factors of l.
2, 25169
List the prime factors of (-2)/3 + (-159351)/(-9).
5, 3541
Suppose -1032 = -3*k + 4*u + 264, 3*k + 2*u - 1332 = 0. What are the prime factors of k?
2, 5, 11
Let v(t) = 57*t**2 + 6*t + 6. Suppose -9*s = -13*s - 8. Let f be v(s). Suppose 0 = -h - 3, -2*u + h + f = u. What are the prime factors of u?
73
Let x = 665 + 3644. What are the prime factors of x?
31, 139
Let d(y) = y**2 + 30*y + 29. Let b be d(-1). Suppose b = -2*q + n - 6*n + 965, 0 = q + 5*n - 470. What are the prime factors of q?
3, 5, 11
Let h(z) be the first derivative of 8/3*z**3 - 1/4*z**4 - 19 - 10*z - z**2. List the prime factors of h(7).
5
Let q be (-8)/(-20) - (-5826)/10. Suppose -22 = -11*n + 11. Suppose -3*s - 436 = -n*t - 2*s, -4*t + s = -q. What are the prime factors of t?
3, 7
Suppose -20*b = -16*b - h + 15, -h - 6 = 3*b. Let f(g) be the second derivative of -3*g**5/20 - g**4/3 - g**3/3 + 2*g**2 - g. List the prime factors of f(b).
5, 11
Let w = 339 + -335. Suppose -w*o = -x - 1179, o - 286 = 4*x - 2*x. What are the prime factors of o?
2, 37
List the prime factors of ((-20)/4 - -5062) + (-8 - -3).
2, 3, 421
Suppose -s - 248*g = -246*g - 10901, -3*s + 32721 = 4*g. What are the prime factors of s?
61, 179
Let n(g) = 7*g**3 - 43*g**2 - 125*g - 12. Let q(z) = z**3 - 2*z**2 - 1. Let f(x) = -n(x) + 6*q(x). What are the prime factors of f(34)?
2, 197
Let z = -50014 + 88367. What are the prime factors of z?
7, 5479
Suppose 2*s - 18910 = 2*f, 5*s - 60416 = -f - 13147. What are the prime factors of s?
2, 29, 163
Let i be 239/4 + -5*3/(-60). Suppose -9*l + i = 24. Suppose 2*a + 4*j = 202, 5*j + l = 3*j. List the prime factors of a.
3, 5, 7
Let o be 32/8 + (0 - -13). Suppose k + 4*z - o = 3*z, -3*k - z = -41. Suppose -m - 4*p + 356 = 3*m, 0 = 3*p + k. What are the prime factors of m?
3, 31
Suppose 6*h - 122 = 454. Suppose 2*i - 4*k = 38, 0 = 3*i + i - 3*k - h. What are the prime factors of i?
3
Suppose 0 = -5*j + a + 191 + 238, 0 = 4*j - a - 343. Suppose 2*b + 20 = z - j, 0 = z + 4. Let q = b + 65. What are the prime factors of q?
2, 5
Let w = -462 + 3018. Suppose -w = -4*l + 1284. List the prime factors of l.
2, 3, 5
Suppose 19 = 4*m - 1. Let i(w) = 65*w + m - 2 - 1. List the prime factors of i(1).
67
Suppose -181*k + 13*k = -7160328. What are the prime factors of k?
3, 14207
Let b(h) = -49*h - 23. Let l be ((-2)/4)/((-35)/(-280)). What are the prime factors of b(l)?
173
Let b(d) be the third derivative of 2*d**4/3 + d**3/2 - 2*d**2. Let j = -136 + 141. List the prime factors of b(j).
83
Let f = -18479 - -33371. What are the prime factors of f?
2, 3, 17, 73
Suppose -i - 837 = -10*d + 9*d, 7*d = -5*i + 5835. What are the prime factors of d?
5, 167
Suppose 0 = 2205*d - 2240*d + 127085. List the prime factors of d.
3631
Suppose 3*r - 2*b = 5*r + 156, 2*b + 304 = -4*r. List the prime factors of (-4*(-4 + -4))/((-4)/r).
2, 37
Let q(r) = -r**2 - 3*r + 12. Let m be q(-6). Let x be (-4)/6 - -158*(-5)/m. Suppose x = 2*s + l, 4*l + 88 = s - 0*l. List the prime factors of s.
2, 17
Let z(u) = -7*u**3 + 16*u**2 + 22 - 69*u**2 + 52*u**2 + 7*u. What are the prime factors of z(-6)?
2, 7, 13
Let n(d) = 15145*d - 5271. List the prime factors of n(3).
2, 3, 3347
Suppose -165*c = -389*c + 6148128. List the prime factors of c.
3, 7, 1307
Let s = 69 - -27. Suppose 100*x - 704 = s*x. Suppose 6*a - 5*a = x. List the prime factors of a.
2, 11
Let n(z) = -199*z**3 + 15*z**2 + 20*z - 97. What are the prime factors of n(-5)?
3, 7, 1193
Let h(d) = 1 - 1 + 1 - 47*d**3 + 46*d**3. List the prime factors of h(-4).
5, 13
Let m be (-2 - 28/(-6))/(22/33). Suppose -4*d - h = -d - m, 5*d + 4*h - 9 = 0. Suppose s - d + 3 = 0, 2*q - 244 = -s. What are the prime factors of q?
3, 41
Let d(n) = 5*n**2 + 38*n - 11. Suppose -b - 3*b - 40 = 3*z, -5*z + 5*b - 90 = 0. What are the prime factors of d(z)?
661
Let m(o) = -10*o - 61. Let c be m(-5). Let l(t) = -35*t + 20. What are the prime factors of l(c)?
3, 5
Let g(d) be the second derivative of -d**4/12 - 3*d**3/2 - 5*d**2/2 + d. Let w be g(-8). List the prime factors of 120 - (w + -7)/4.
11
Suppose 2*f + 16 = 22. Suppose f*a = 7*a. Suppose 2*u = -a*z - 2*z + 6, -4*u - z = -24. List the prime factors of u.
7
Let c be 0/((-3 + -3)/(-3)) + 3. Suppose c*d + 288 = z + 1276, -5*d = -5*z - 1630. List the prime factors of d.
331
Let b(m) = -71*m + 2352. List the prime factors of b(-67).
7109
Let s(u) = 27*u - 49. Let g = 344 + -330. List the prime factors of s(g).
7, 47
Let x(v) = -12581*v - 3451. List the prime factors of x(-3).
2, 8573
Suppose -m - 458 = -4*m + 2*t, -2*m + 316 = 4*t. Let d = m + -83. Suppose d = -2*j + 183. List the prime factors of j.
2, 7
Let p = 8928 + 2663. What are the prime factors of p?
67, 173
Let r be 14/6*(-2610)/(-2). Suppose -3*j = -4*q + r, -3*q + 4*j = -q - 1520. What are the prime factors of q?
2, 3, 127
Suppose 6*c - 40 + 16 = 0. Suppose -3*o + c*o = 190. What are the prime factors of o?
2, 5, 19
Let g be (11/(55/(-170)))/(-2). Let c be 2/(-7) + (-405)/(-21). Suppose o = c + g. List the prime factors of o.
2, 3
Let a = 1549 - 878. Let n = 1155 - a. What are the prime factors of n?
2, 11
Let m = -841 + 1313. Let p = 88 + -86. Suppose p*b = 4*h - m, -2*h - 3*b = 2 - 238. List the prime factors of h.
2, 59
Let y = -630 - -628. What are the prime factors of 159*((-8)/12 - y)?
2, 53
Suppose 25*m + 12510 = -5*p + 28*m, 0 = 5*p + 2*m + 12510. Let t = p - -4469. What are the prime factors of t?
7, 281
Suppose -9511 + 933 = -12*j + 1754. What are the prime factors of j?
3, 7, 41
Suppose -a + 92 = -5*a. Let m = a - -296. List the prime factors of m.
3, 7, 13
What are the prime factors of 1/(-2)*-1 + (-9795653)/(-1306)?
13, 577
Let g = 583 - 579. Let b be (1 - 6)*(-1)/1. Suppose b*j + 0*t + g*t = 289, 134 = 2*j - 3*t. List the prime factors of j.
61
What are the prime factors of (7266 + -10)/8 + 1 + 0?
2, 227
Suppose -4*g + d + 128853 = -10930, 5*g = 4*d + 174726. List the prime factors of g.
2, 101, 173
Let z(p) = -2*p**3 - 121*p**2 + 60*p + 47. What are the prime factors of z(-61)?
2, 3
Suppose -3*v + 3*i + 6 = 0, -3*i = -v - 7*i - 18. What ar